y 6117191.
28
Calculate the remainder when 1057279 is divided by 211440.
79
What is the remainder when 462616304 is divided by 2618?
2614
What is the remainder when 753607 is divided by 83734?
1
What is the remainder when 4000450 is divided by 294?
286
What is the remainder when 100718 is divided by 147?
23
What is the remainder when 1759296 is divided by 1309?
0
Calculate the remainder when 239420 is divided by 412.
48
Calculate the remainder when 8150359 is divided by 2521.
2487
Calculate the remainder when 162711 is divided by 18079.
0
What is the remainder when 228439719 is divided by 23?
16
Calculate the remainder when 1733555 is divided by 8890.
5
What is the remainder when 410295 is divided by 476?
459
What is the remainder when 225638 is divided by 16?
6
What is the remainder when 4047210 is divided by 77?
13
Calculate the remainder when 143996 is divided by 157.
27
What is the remainder when 1534675 is divided by 572?
571
What is the remainder when 1023117070 is divided by 253?
250
Calculate the remainder when 3246392 is divided by 2962.
40
Calculate the remainder when 66692 is divided by 192.
68
Calculate the remainder when 1429744 is divided by 77.
8
What is the remainder when 24487669 is divided by 480?
469
What is the remainder when 1827416 is divided by 38881?
9
What is the remainder when 1838214 is divided by 1837844?
370
Calculate the remainder when 17444608 is divided by 13502.
24
What is the remainder when 3783223 is divided by 6614?
15
Calculate the remainder when 11332584 is divided by 98544.
24
Calculate the remainder when 94800742 is divided by 165.
157
Calculate the remainder when 130249 is divided by 62487.
5275
What is the remainder when 12760836 is divided by 25070?
206
Calculate the remainder when 120244776 is divided by 4624799.
2
Calculate the remainder when 119511 is divided by 779.
324
Calculate the remainder when 552901 is divided by 276431.
39
What is the remainder when 2029430 is divided by 17802?
2
What is the remainder when 35086 is divided by 1324?
662
What is the remainder when 9799 is divided by 2643?
1870
What is the remainder when 12382 is divided by 1650?
832
What is the remainder when 345254 is divided by 26558?
0
What is the remainder when 12159863 is divided by 36?
35
What is the remainder when 243945 is divided by 394?
59
What is the remainder when 837716 is divided by 418755?
206
Calculate the remainder when 3100180 is divided by 49.
48
Calculate the remainder when 6723998 is divided by 16440.
38
Calculate the remainder when 223549 is divided by 626.
67
Calculate the remainder when 39287 is divided by 17656.
3975
Calculate the remainder when 65724 is divided by 30088.
5548
What is the remainder when 4448791 is divided by 17?
10
What is the remainder when 7390598 is divided by 31856?
6
Calculate the remainder when 1540 is divided by 1495.
45
Calculate the remainder when 39910148 is divided by 136.
132
What is the remainder when 235221 is divided by 7379?
6472
What is the remainder when 1244801 is divided by 159?
149
Calculate the remainder when 12679231 is divided by 31.
14
Calculate the remainder when 433256 is divided by 13965.
341
Calculate the remainder when 86008968 is divided by 9.
0
What is the remainder when 2745630 is divided by 7172?
5926
Calculate the remainder when 3470438 is divided by 5423.
5141
What is the remainder when 629987449 is divided by 1984?
1977
What is the remainder when 91861 is divided by 633?
76
Calculate the remainder when 4579228 is divided by 1810.
1738
What is the remainder when 21388382 is divided by 601?
595
Calculate the remainder when 228948 is divided by 6563.
5806
What is the remainder when 602380 is divided by 17101?
3845
Calculate the remainder when 5827325 is divided by 209.
196
What is the remainder when 408587 is divided by 672?
11
What is the remainder when 46450 is divided by 4268?
3770
What is the remainder when 1674434 is divided by 239191?
97
What is the remainder when 695499 is divided by 478?
9
What is the remainder when 225408 is divided by 47?
43
What is the remainder when 3620286 is divided by 1428?
306
What is the remainder when 10212886 is divided by 12?
10
What is the remainder when 14563318 is divided by 208047?
28
What is the remainder when 715331 is divided by 12545?
266
What is the remainder when 431360 is divided by 1451?
413
What is the remainder when 140136 is divided by 8215?
481
Calculate the remainder when 234478 is divided by 234195.
283
What is the remainder when 53769438 is divided by 7681347?
9
What is the remainder when 2664424 is divided by 101?
44
Calculate the remainder when 2768084 is divided by 242.
88
What is the remainder when 2453606 is divided by 2319?
104
Calculate the remainder when 2367529 is divided by 147970.
9
What is the remainder when 4022138 is divided by 31422?
122
What is the remainder when 171454 is divided by 135?
4
Calculate the remainder when 12467434 is divided by 150.
34
Calculate the remainder when 298849 is divided by 133.
131
Calculate the remainder when 1254251 is divided by 195.
11
Calculate the remainder when 479609 is divided by 3661.
18
Calculate the remainder when 3333092 is divided by 579.
368
What is the remainder when 1405203 is divided by 383?
359
Calculate the remainder when 307699 is divided by 1362.
1249
What is the remainder when 788946 is divided by 37563?
123
Calculate the remainder when 137353297 is divided by 4780.
4777
Calculate the remainder when 18988406 is divided by 1017.
1016
What is the remainder when 804455 is divided by 46?
7
What is the remainder when 404887924 is divided by 3351?
3349
Calculate the remainder when 39556116 is divided by 1364004.
0
What is the remainder when 438828 is divided by 1414?
488
What is the remainder when 136919767 is divided by 1649?
1648
Calculate the remainder when 2135784 is divided by 94.
10
Calculate the remainder when 104086577 is divided by 1927529.
11
Calculate the remainder when 391981 is divided by 95.
11
Calculate the remainder when 74478 is divided by 37083.
312
What is the remainder when 63863 is divided by 97?
37
Calculate the remainder when 242632 is divided by 638.
192
What is the remainder when 295900 is divided by 363?
55
What is the remainder when 8022141 is divided by 52?
49
What is the remainder when 12504187 is divided by 2638?
67
Calculate the remainder when 44075229 is divided by 556.
553
Calculate the remainder when 20036823 is divided by 208.
183
Calculate the remainder when 4400866 is divided by 64.
34
What is the remainder when 36787611 is divided by 157?
156
Calculate the remainder when 2667078 is divided by 533392.
118
What is the remainder when 4877429 is divided by 369?
356
Calculate the remainder when 117563 is divided by 108.
59
What is the remainder when 50722 is divided by 7986?
2806
What is the remainder when 73355974 is divided by 709?
707
Calculate the remainder when 48129 is divided by 132.
81
What is the remainder when 6646012 is divided by 830743?
68
Calculate the remainder when 349460352 is divided by 129.
126
What is the remainder when 84709 is divided by 21033?
577
Calculate the remainder when 189539 is divided by 18950.
39
What is the remainder when 2324 is divided by 893?
538
Calculate the remainder when 19666579 is divided by 240.
19
Calculate the remainder when 8958325 is divided by 1043.
1041
Calculate the remainder when 137645 is divided by 18002.
11631
Calculate the remainder when 392918073 is divided by 109.
105
What is the remainder when 5670534 is divided by 9?
3
What is the remainder when 1798159 is divided by 11450?
509
What is the remainder when 14038750 is divided by 101730?
10
What is the remainder when 245468 is divided by 22309?
69
Calculate the remainder when 122327 is divided by 122249.
78
What is the remainder when 1941585 is divided by 12445?
165
Calculate the remainder when 12204539 is divided by 45.
44
What is the remainder when 8368 is divided by 1112?
584
What is the remainder when 1098820 is divided by 975?
970
Calculate the remainder when 4322365 is divided by 25129.
177
What is the remainder when 623185 is divided by 7247?
7190
Calculate the remainder when 53563973 is divided by 25.
23
Calculate the remainder when 264119 is divided by 2220.
2159
Calculate the remainder